{"id":1682,"date":"2025-09-29T12:13:56","date_gmt":"2025-09-29T10:13:56","guid":{"rendered":"https:\/\/brinesorganicfruits.com\/brines-organic-fruits-fr\/"},"modified":"2025-10-28T21:25:36","modified_gmt":"2025-10-28T20:25:36","slug":"brines-organic-fruits","status":"publish","type":"page","link":"https:\/\/brinesorganicfruits.com\/fr\/","title":{"rendered":"Brines Organic Fruits FR"},"content":{"rendered":"\t\t<div data-elementor-type=\"wp-page\" data-elementor-id=\"1682\" class=\"elementor elementor-1682 elementor-1031\" data-elementor-post-type=\"page\">\n\t\t\t\t<div class=\"elementor-element elementor-element-010e559 e-con-full e-flex e-con e-parent\" data-id=\"010e559\" data-element_type=\"container\" data-e-type=\"container\">\n\t\t\t\t<div class=\"elementor-element elementor-element-27f2cc4 elementor-widget elementor-widget-image-carousel\" data-id=\"27f2cc4\" data-element_type=\"widget\" data-e-type=\"widget\" data-settings=\"{&quot;slides_to_show&quot;:&quot;1&quot;,&quot;navigation&quot;:&quot;none&quot;,&quot;lazyload&quot;:&quot;yes&quot;,&quot;autoplay_speed&quot;:3000,&quot;autoplay&quot;:&quot;yes&quot;,&quot;pause_on_hover&quot;:&quot;yes&quot;,&quot;infinite&quot;:&quot;yes&quot;,&quot;effect&quot;:&quot;slide&quot;,&quot;speed&quot;:500}\" data-widget_type=\"image-carousel.default\">\n\t\t\t\t\t\t\t<div class=\"elementor-image-carousel-wrapper swiper\" role=\"region\" aria-roledescription=\"carousel\" aria-label=\"Carrusel de im\u00e1genes\" dir=\"ltr\">\n\t\t\t<div class=\"elementor-image-carousel swiper-wrapper\" aria-live=\"off\">\n\t\t\t\t\t\t\t\t<div class=\"swiper-slide\" role=\"group\" aria-roledescription=\"slide\" aria-label=\"1 sur 4\"><figure class=\"swiper-slide-inner\"><img class=\"swiper-slide-image swiper-lazy\" data-src=\"https:\/\/brinesorganicfruits.com\/wp-content\/uploads\/2025\/10\/trabajando-campos-Brines-Organic-Fruits-1.webp\" alt=\"champs de travail-Brines-Fruits biologiques\" \/><div class=\"swiper-lazy-preloader\"><\/div><\/figure><\/div><div class=\"swiper-slide\" role=\"group\" aria-roledescription=\"slide\" aria-label=\"2 sur 4\"><figure class=\"swiper-slide-inner\"><img class=\"swiper-slide-image swiper-lazy\" data-src=\"https:\/\/brinesorganicfruits.com\/wp-content\/uploads\/2025\/10\/Recolectando-naranjas-Brines-Organic-Fruits-1.webp\" alt=\"Collecte de fruits biologiques \u00e0 base d&#039;orange et de brins d&#039;orange\" \/><div class=\"swiper-lazy-preloader\"><\/div><\/figure><\/div><div class=\"swiper-slide\" role=\"group\" aria-roledescription=\"slide\" aria-label=\"3 sur 4\"><figure class=\"swiper-slide-inner\"><img class=\"swiper-slide-image swiper-lazy\" data-src=\"https:\/\/brinesorganicfruits.com\/wp-content\/uploads\/2025\/10\/porteando-cajon.webp\" alt=\"portant une caisse\" \/><div class=\"swiper-lazy-preloader\"><\/div><\/figure><\/div><div class=\"swiper-slide\" role=\"group\" aria-roledescription=\"slide\" aria-label=\"4 sur 4\"><figure class=\"swiper-slide-inner\"><img class=\"swiper-slide-image swiper-lazy\" data-src=\"https:\/\/brinesorganicfruits.com\/wp-content\/uploads\/2025\/10\/Naranjas-en-el-arbol-Brines-Organic-Fruits-1.webp\" alt=\"Oranges sur l&#039;arbre-Brines-Fruits biologiques\" \/><div class=\"swiper-lazy-preloader\"><\/div><\/figure><\/div>\t\t\t<\/div>\n\t\t\t\t\t\t\t\n\t\t\t\t\t\t\t\t\t<\/div>\n\t\t\t\t\t\t<\/div>\n\t\t\t\t<\/div>\n\t\t<div class=\"elementor-element elementor-element-72c52c9 e-flex e-con-boxed e-con e-parent\" data-id=\"72c52c9\" data-element_type=\"container\" data-e-type=\"container\">\n\t\t\t\t\t<div class=\"e-con-inner\">\n\t\t\t\t<div class=\"elementor-element elementor-element-771ad82 elementor-widget elementor-widget-heading\" data-id=\"771ad82\" data-element_type=\"widget\" data-e-type=\"widget\" data-widget_type=\"heading.default\">\n\t\t\t\t\t<h1 class=\"elementor-heading-title elementor-size-default\">Brines Organic Fruits<\/h1>\t\t\t\t<\/div>\n\t\t\t\t<div class=\"elementor-element elementor-element-fee3d84 elementor-widget elementor-widget-heading\" data-id=\"fee3d84\" data-element_type=\"widget\" data-e-type=\"widget\" data-widget_type=\"heading.default\">\n\t\t\t\t\t<h2 class=\"elementor-heading-title elementor-size-default\">Meilleure saveur de la vall\u00e9e de la Valldigna<\/h2>\t\t\t\t<\/div>\n\t\t\t\t<div class=\"elementor-element elementor-element-0712f90 elementor-widget elementor-widget-text-editor\" data-id=\"0712f90\" data-element_type=\"widget\" data-e-type=\"widget\" data-widget_type=\"text-editor.default\">\n\t\t\t\t\t\t\t\t\tAgriculture engag\u00e9e en faveur de l&rsquo;environnement et la durabilit\u00e9.\t\t\t\t\t\t\t\t<\/div>\n\t\t\t\t<div class=\"elementor-element elementor-element-fda7093 elementor-widget-divider--view-line elementor-widget elementor-widget-divider\" data-id=\"fda7093\" data-element_type=\"widget\" data-e-type=\"widget\" data-widget_type=\"divider.default\">\n\t\t\t\t\t\t\t<div class=\"elementor-divider\">\n\t\t\t<span class=\"elementor-divider-separator\">\n\t\t\t\t\t\t<\/span>\n\t\t<\/div>\n\t\t\t\t\t\t<\/div>\n\t\t\t\t<div class=\"elementor-element elementor-element-07ab9cf elementor-widget elementor-widget-text-editor\" data-id=\"07ab9cf\" data-element_type=\"widget\" data-e-type=\"widget\" data-widget_type=\"text-editor.default\">\n\t\t\t\t\t\t\t\t\tUn projet familial ancr\u00e9 dans le territoire. Profond\u00e9ment enracin\u00e9 dans la terre, l\u2019agriculture et la culture de l\u2019orange.\t\t\t\t\t\t\t\t<\/div>\n\t\t\t\t<div class=\"elementor-element elementor-element-c05ac10 elementor-widget elementor-widget-image\" data-id=\"c05ac10\" data-element_type=\"widget\" data-e-type=\"widget\" data-widget_type=\"image.default\">\n\t\t\t\t\t\t\t\t\t\t\t\t\t\t\t<img fetchpriority=\"high\" decoding=\"async\" width=\"800\" height=\"534\" src=\"https:\/\/brinesorganicfruits.com\/wp-content\/uploads\/2025\/09\/Naranjas-mandarinas-limones-de-Valencia-Espana.webp\" class=\"attachment-large size-large wp-image-1046\" alt=\"Oranges de Valencia\" srcset=\"https:\/\/brinesorganicfruits.com\/wp-content\/uploads\/2025\/09\/Naranjas-mandarinas-limones-de-Valencia-Espana.webp 1024w, https:\/\/brinesorganicfruits.com\/wp-content\/uploads\/2025\/09\/Naranjas-mandarinas-limones-de-Valencia-Espana-300x200.webp 300w, https:\/\/brinesorganicfruits.com\/wp-content\/uploads\/2025\/09\/Naranjas-mandarinas-limones-de-Valencia-Espana-768x512.webp 768w, https:\/\/brinesorganicfruits.com\/wp-content\/uploads\/2025\/09\/Naranjas-mandarinas-limones-de-Valencia-Espana-600x400.webp 600w\" sizes=\"(max-width: 800px) 100vw, 800px\" \/>\t\t\t\t\t\t\t\t\t\t\t\t\t\t\t<\/div>\n\t\t\t\t<div class=\"elementor-element elementor-element-531e771 elementor-widget elementor-widget-text-editor\" data-id=\"531e771\" data-element_type=\"widget\" data-e-type=\"widget\" data-widget_type=\"text-editor.default\">\n\t\t\t\t\t\t\t\t\t<p>Dans notre exploitation, nous cultivons des <strong>fruits biologiques tout au long de la saison<\/strong>, depuis le d\u00e9but du mois d&rsquo;octobre (fin septembre) en commen\u00e7ant par les mandarines <strong>Okitsu et Lima<\/strong>, suivies des mandarines <strong>Navelinas, Navel, Sanguinellis, Nadorcott<\/strong> et, enfin, des <strong>Valencias<\/strong> jusqu&rsquo;\u00e0 la fin du mois de mai. De novembre \u00e0 juillet, nous avons \u00e9galement des <strong>citrons<\/strong>.<\/p>\t\t\t\t\t\t\t\t<\/div>\n\t\t\t\t<div class=\"elementor-element elementor-element-dc51b74 elementor-align-justify elementor-widget elementor-widget-button\" data-id=\"dc51b74\" data-element_type=\"widget\" data-e-type=\"widget\" data-widget_type=\"button.default\">\n\t\t\t\t\t\t\t\t\t\t<a class=\"elementor-button elementor-button-link elementor-size-sm\" href=\"https:\/\/brinesorganicfruits.com\/fr\/produits\/\">\n\t\t\t\t\t\t<span class=\"elementor-button-content-wrapper\">\n\t\t\t\t\t\t\t\t\t<span class=\"elementor-button-text\">Voir les vari\u00e9t\u00e9s<\/span>\n\t\t\t\t\t<\/span>\n\t\t\t\t\t<\/a>\n\t\t\t\t\t\t\t\t<\/div>\n\t\t\t\t\t<\/div>\n\t\t\t\t<\/div>\n\t\t\t\t<\/div>\n\t\t","protected":false},"excerpt":{"rendered":"<p>Brines Organic Fruits Meilleure saveur de la vall\u00e9e de la Valldigna Agriculture engag\u00e9e en faveur de l&rsquo;environnement et la durabilit\u00e9. Un projet familial ancr\u00e9 dans le territoire. Profond\u00e9ment enracin\u00e9 dans la terre, l\u2019agriculture et la culture de l\u2019orange. Dans notre exploitation, nous cultivons des fruits biologiques tout au long de la saison, depuis le d\u00e9but [&hellip;]<\/p>\n","protected":false},"author":98,"featured_media":2425,"parent":0,"menu_order":1,"comment_status":"closed","ping_status":"closed","template":"elementor_header_footer","meta":{"_acf_changed":false,"footnotes":""},"class_list":["post-1682","page","type-page","status-publish","has-post-thumbnail","hentry"],"acf":[],"_links":{"self":[{"href":"https:\/\/brinesorganicfruits.com\/fr\/wp-json\/wp\/v2\/pages\/1682","targetHints":{"allow":["GET"]}}],"collection":[{"href":"https:\/\/brinesorganicfruits.com\/fr\/wp-json\/wp\/v2\/pages"}],"about":[{"href":"https:\/\/brinesorganicfruits.com\/fr\/wp-json\/wp\/v2\/types\/page"}],"author":[{"embeddable":true,"href":"https:\/\/brinesorganicfruits.com\/fr\/wp-json\/wp\/v2\/users\/98"}],"replies":[{"embeddable":true,"href":"https:\/\/brinesorganicfruits.com\/fr\/wp-json\/wp\/v2\/comments?post=1682"}],"version-history":[{"count":2,"href":"https:\/\/brinesorganicfruits.com\/fr\/wp-json\/wp\/v2\/pages\/1682\/revisions"}],"predecessor-version":[{"id":2472,"href":"https:\/\/brinesorganicfruits.com\/fr\/wp-json\/wp\/v2\/pages\/1682\/revisions\/2472"}],"wp:featuredmedia":[{"embeddable":true,"href":"https:\/\/brinesorganicfruits.com\/fr\/wp-json\/wp\/v2\/media\/2425"}],"wp:attachment":[{"href":"https:\/\/brinesorganicfruits.com\/fr\/wp-json\/wp\/v2\/media?parent=1682"}],"curies":[{"name":"wp","href":"https:\/\/api.w.org\/{rel}","templated":true}]}}

<div data-elementor-type="wp-page" data-elementor-id="1682" class="elementor elementor-1682 elementor-1031" data-elementor-post-type="page">
				<div class="elementor-element elementor-element-010e559 e-con-full e-flex e-con e-parent" data-id="010e559" data-element_type="container" data-e-type="container">
				<div class="elementor-element elementor-element-27f2cc4 elementor-widget elementor-widget-image-carousel" data-id="27f2cc4" data-element_type="widget" data-e-type="widget" data-settings="{&quot;slides_to_show&quot;:&quot;1&quot;,&quot;navigation&quot;:&quot;none&quot;,&quot;lazyload&quot;:&quot;yes&quot;,&quot;autoplay_speed&quot;:3000,&quot;autoplay&quot;:&quot;yes&quot;,&quot;pause_on_hover&quot;:&quot;yes&quot;,&quot;infinite&quot;:&quot;yes&quot;,&quot;effect&quot;:&quot;slide&quot;,&quot;speed&quot;:500}" data-widget_type="image-carousel.default">
							<div class="elementor-image-carousel-wrapper swiper" role="region" aria-roledescription="carousel" aria-label="Carrusel de imágenes" dir="ltr">
			<div class="elementor-image-carousel swiper-wrapper" aria-live="off">
								<div class="swiper-slide" role="group" aria-roledescription="slide" aria-label="1 sur 4"><figure class="swiper-slide-inner"><img class="swiper-slide-image swiper-lazy" data-src="https://brinesorganicfruits.com/wp-content/uploads/2025/10/trabajando-campos-Brines-Organic-Fruits-1.webp" alt="champs de travail-Brines-Fruits biologiques" /><div class="swiper-lazy-preloader"></div></figure></div><div class="swiper-slide" role="group" aria-roledescription="slide" aria-label="2 sur 4"><figure class="swiper-slide-inner"><img class="swiper-slide-image swiper-lazy" data-src="https://brinesorganicfruits.com/wp-content/uploads/2025/10/Recolectando-naranjas-Brines-Organic-Fruits-1.webp" alt="Collecte de fruits biologiques à base d&#039;orange et de brins d&#039;orange" /><div class="swiper-lazy-preloader"></div></figure></div><div class="swiper-slide" role="group" aria-roledescription="slide" aria-label="3 sur 4"><figure class="swiper-slide-inner"><img class="swiper-slide-image swiper-lazy" data-src="https://brinesorganicfruits.com/wp-content/uploads/2025/10/porteando-cajon.webp" alt="portant une caisse" /><div class="swiper-lazy-preloader"></div></figure></div><div class="swiper-slide" role="group" aria-roledescription="slide" aria-label="4 sur 4"><figure class="swiper-slide-inner"><img class="swiper-slide-image swiper-lazy" data-src="https://brinesorganicfruits.com/wp-content/uploads/2025/10/Naranjas-en-el-arbol-Brines-Organic-Fruits-1.webp" alt="Oranges sur l&#039;arbre-Brines-Fruits biologiques" /><div class="swiper-lazy-preloader"></div></figure></div>			</div>
							
									</div>
						</div>
				</div>
		<div class="elementor-element elementor-element-72c52c9 e-flex e-con-boxed e-con e-parent" data-id="72c52c9" data-element_type="container" data-e-type="container">
					<div class="e-con-inner">
				<div class="elementor-element elementor-element-771ad82 elementor-widget elementor-widget-heading" data-id="771ad82" data-element_type="widget" data-e-type="widget" data-widget_type="heading.default">
					<h1 class="elementor-heading-title elementor-size-default">Brines Organic Fruits</h1>				</div>
				<div class="elementor-element elementor-element-fee3d84 elementor-widget elementor-widget-heading" data-id="fee3d84" data-element_type="widget" data-e-type="widget" data-widget_type="heading.default">
					<h2 class="elementor-heading-title elementor-size-default">Meilleure saveur de la vallée de la Valldigna</h2>				</div>
				<div class="elementor-element elementor-element-0712f90 elementor-widget elementor-widget-text-editor" data-id="0712f90" data-element_type="widget" data-e-type="widget" data-widget_type="text-editor.default">
									Agriculture engagée en faveur de l&rsquo;environnement et la durabilité.								</div>
				<div class="elementor-element elementor-element-fda7093 elementor-widget-divider--view-line elementor-widget elementor-widget-divider" data-id="fda7093" data-element_type="widget" data-e-type="widget" data-widget_type="divider.default">
							<div class="elementor-divider">
			<span class="elementor-divider-separator">
						</span>
		</div>
						</div>
				<div class="elementor-element elementor-element-07ab9cf elementor-widget elementor-widget-text-editor" data-id="07ab9cf" data-element_type="widget" data-e-type="widget" data-widget_type="text-editor.default">
									Un projet familial ancré dans le territoire. Profondément enraciné dans la terre, l’agriculture et la culture de l’orange.								</div>
				<div class="elementor-element elementor-element-c05ac10 elementor-widget elementor-widget-image" data-id="c05ac10" data-element_type="widget" data-e-type="widget" data-widget_type="image.default">
															<img fetchpriority="high" decoding="async" width="800" height="534" src="https://brinesorganicfruits.com/wp-content/uploads/2025/09/Naranjas-mandarinas-limones-de-Valencia-Espana.webp" class="attachment-large size-large wp-image-1046" alt="Oranges de Valencia" srcset="https://brinesorganicfruits.com/wp-content/uploads/2025/09/Naranjas-mandarinas-limones-de-Valencia-Espana.webp 1024w, https://brinesorganicfruits.com/wp-content/uploads/2025/09/Naranjas-mandarinas-limones-de-Valencia-Espana-300x200.webp 300w, https://brinesorganicfruits.com/wp-content/uploads/2025/09/Naranjas-mandarinas-limones-de-Valencia-Espana-768x512.webp 768w, https://brinesorganicfruits.com/wp-content/uploads/2025/09/Naranjas-mandarinas-limones-de-Valencia-Espana-600x400.webp 600w" sizes="(max-width: 800px) 100vw, 800px" />															</div>
				<div class="elementor-element elementor-element-531e771 elementor-widget elementor-widget-text-editor" data-id="531e771" data-element_type="widget" data-e-type="widget" data-widget_type="text-editor.default">
									<p>Dans notre exploitation, nous cultivons des <strong>fruits biologiques tout au long de la saison</strong>, depuis le début du mois d&rsquo;octobre (fin septembre) en commençant par les mandarines <strong>Okitsu et Lima</strong>, suivies des mandarines <strong>Navelinas, Navel, Sanguinellis, Nadorcott</strong> et, enfin, des <strong>Valencias</strong> jusqu&rsquo;à la fin du mois de mai. De novembre à juillet, nous avons également des <strong>citrons</strong>.</p>								</div>
				<div class="elementor-element elementor-element-dc51b74 elementor-align-justify elementor-widget elementor-widget-button" data-id="dc51b74" data-element_type="widget" data-e-type="widget" data-widget_type="button.default">
										<a class="elementor-button elementor-button-link elementor-size-sm" href="https://brinesorganicfruits.com/fr/produits/">
						<span class="elementor-button-content-wrapper">
									<span class="elementor-button-text">Voir les variétés</span>
					</span>
					</a>
								</div>
					</div>
				</div>
				</div>

<p>Brines Organic Fruits Meilleure saveur de la vallée de la Valldigna Agriculture engagée en faveur de l&rsquo;environnement et la durabilité. Un projet familial ancré dans le territoire. Profondément enraciné dans la terre, l’agriculture et la culture de l’orange. Dans notre exploitation, nous cultivons des fruits biologiques tout au long de la saison, depuis le début [&hellip;]</p>
