{"id":151,"date":"2021-07-18T11:10:15","date_gmt":"2021-07-18T09:10:15","guid":{"rendered":"http:\/\/brinesorganicfruits.es\/nosotros\/"},"modified":"2025-10-26T10:00:29","modified_gmt":"2025-10-26T09:00:29","slug":"nous","status":"publish","type":"page","link":"https:\/\/brinesorganicfruits.com\/fr\/nous\/","title":{"rendered":"Nous"},"content":{"rendered":"\t\t<div data-elementor-type=\"wp-page\" data-elementor-id=\"151\" class=\"elementor elementor-151 elementor-9\" data-elementor-post-type=\"page\">\n\t\t\t\t<div class=\"elementor-element elementor-element-f95ef69 e-flex e-con-boxed e-con e-parent\" data-id=\"f95ef69\" data-element_type=\"container\" data-e-type=\"container\">\n\t\t\t\t\t<div class=\"e-con-inner\">\n\t\t\t\t<div class=\"elementor-element elementor-element-e430ee9 elementor-widget elementor-widget-heading\" data-id=\"e430ee9\" data-element_type=\"widget\" data-e-type=\"widget\" data-widget_type=\"heading.default\">\n\t\t\t\t\t<h1 class=\"elementor-heading-title elementor-size-default\">Nous<\/h1>\t\t\t\t<\/div>\n\t\t\t\t<div class=\"elementor-element elementor-element-a3cd5d5 elementor-widget elementor-widget-heading\" data-id=\"a3cd5d5\" data-element_type=\"widget\" data-e-type=\"widget\" data-widget_type=\"heading.default\">\n\t\t\t\t\t<h2 class=\"elementor-heading-title elementor-size-default\">Les origines<\/h2>\t\t\t\t<\/div>\n\t\t\t\t<div class=\"elementor-element elementor-element-c005fc0 elementor-widget elementor-widget-text-editor\" data-id=\"c005fc0\" data-element_type=\"widget\" data-e-type=\"widget\" data-widget_type=\"text-editor.default\">\n\t\t\t\t\t\t\t\t\t<p>C\u2019est \u00e0 la fin des ann\u00e9es 1940 que notre grand-p\u00e8re Salvador Brines s\u2019est lanc\u00e9 \u00e0 Tavernes de la Valldigna (Valence) dans le <strong>commerce des agrumes.<\/strong> Il a alors cr\u00e9\u00e9 une entreprise locale traditionnelle, reposant sur l\u2019agriculture traditionnelle et durable. Cependant, avec les nouvelles techniques de commercialisation et de culture, ce type d\u2019entreprises est devenu un mod\u00e8le d\u2019exploitation de la terre et de concentration de la commercialisation.  <\/p><p>80 ans plus tard, nous reprenons les valeurs de notre grand-p\u00e8re : le respect et l\u2019amour de la terre et du produit.<\/p>\t\t\t\t\t\t\t\t<\/div>\n\t\t\t\t<div class=\"elementor-element elementor-element-16792e4 elementor-widget elementor-widget-heading\" data-id=\"16792e4\" data-element_type=\"widget\" data-e-type=\"widget\" data-widget_type=\"heading.default\">\n\t\t\t\t\t<h2 class=\"elementor-heading-title elementor-size-default\">La transformation \u00e9cologique<\/h2>\t\t\t\t<\/div>\n\t\t\t\t<div class=\"elementor-element elementor-element-b81fce1 elementor-widget elementor-widget-text-editor\" data-id=\"b81fce1\" data-element_type=\"widget\" data-e-type=\"widget\" data-widget_type=\"text-editor.default\">\n\t\t\t\t\t\t\t\t\t<p>Il y a plus de 10 ans, la <strong>famille Brines<\/strong> a d\u00e9cid\u00e9 de miser sur l\u2019<strong>agriculture durable et respectueuse de l\u2019environnement,<\/strong> en limitant le recours aux produits chimiques dans les <strong>champs d\u2019orangers<\/strong> gr\u00e2ce \u00e0 l\u2019agriculture int\u00e9gr\u00e9e.<\/p><p>En 2018, nous avons choisi chez Brines de lancer la transition jusqu\u2019\u00e0 un <strong>produit totalement \u00e9cologique<\/strong> dans le domaine d\u2019<em>El Terme<\/em>, convaincus que c\u2019\u00e9tait l\u00e0 la voie pour obtenir un fruit plus sain pour l\u2019\u00eatre humain et plus durable avec l\u2019environnement. Nous avons \u00e9galement entam\u00e9 les formalit\u00e9s administratives pour obtenir la <strong>certification du Comit\u00e9 d\u2019agriculture \u00c9cologique.<\/strong><\/p><p>Ces premi\u00e8res ann\u00e9es sont les plus difficiles, mais peu \u00e0 peu nous voyons se dessiner le r\u00e9sultat : la biodiversit\u00e9 augmente, les insectes et les oiseaux sont chaque jour plus nombreux dans le domaine, nous \u00e9vitons de rompre l\u2019\u00e9quilibre de la terre, nous conservons l\u2019herbe et la taillons juste au bon moment, nous utilisons des fertilisants naturels et des insectes pr\u00e9dateurs pour contr\u00f4ler les parasites.<\/p>\t\t\t\t\t\t\t\t<\/div>\n\t\t\t\t<div class=\"elementor-element elementor-element-e4cf723 elementor-widget elementor-widget-image\" data-id=\"e4cf723\" data-element_type=\"widget\" data-e-type=\"widget\" data-widget_type=\"image.default\">\n\t\t\t\t\t\t\t\t\t\t\t\t\t\t\t<img fetchpriority=\"high\" decoding=\"async\" width=\"800\" height=\"534\" src=\"https:\/\/brinesorganicfruits.com\/wp-content\/uploads\/2025\/10\/Familia-Brines-1024x683.webp\" class=\"attachment-large size-large wp-image-1652\" alt=\"Famille Brines\" srcset=\"https:\/\/brinesorganicfruits.com\/wp-content\/uploads\/2025\/10\/Familia-Brines-1024x683.webp 1024w, https:\/\/brinesorganicfruits.com\/wp-content\/uploads\/2025\/10\/Familia-Brines-300x200.webp 300w, https:\/\/brinesorganicfruits.com\/wp-content\/uploads\/2025\/10\/Familia-Brines-768x512.webp 768w, https:\/\/brinesorganicfruits.com\/wp-content\/uploads\/2025\/10\/Familia-Brines-1536x1024.webp 1536w, https:\/\/brinesorganicfruits.com\/wp-content\/uploads\/2025\/10\/Familia-Brines.webp 1600w\" sizes=\"(max-width: 800px) 100vw, 800px\" \/>\t\t\t\t\t\t\t\t\t\t\t\t\t\t\t<\/div>\n\t\t\t\t<div class=\"elementor-element elementor-element-b03b994 elementor-widget elementor-widget-heading\" data-id=\"b03b994\" data-element_type=\"widget\" data-e-type=\"widget\" data-widget_type=\"heading.default\">\n\t\t\t\t\t<h3 class=\"elementor-heading-title elementor-size-default\">Nous cueillons les fruits \u00e0 leur point adapt\u00e9 de maturit\u00e9 et nous les livrons au domicile des clients dans les 24\/48 heures suivant leur collecte, pour pouvoir profiter de leur d\u00e9licieuse saveur et tirer le meilleur profit de leurs vitamines et de leurs min\u00e9raux.<\/h3>\t\t\t\t<\/div>\n\t\t\t\t\t<\/div>\n\t\t\t\t<\/div>\n\t\t\t\t<\/div>\n\t\t","protected":false},"excerpt":{"rendered":"<p>Nous Les origines C\u2019est \u00e0 la fin des ann\u00e9es 1940 que notre grand-p\u00e8re Salvador Brines s\u2019est lanc\u00e9 \u00e0 Tavernes de la Valldigna (Valence) dans le commerce des agrumes. Il a alors cr\u00e9\u00e9 une entreprise locale traditionnelle, reposant sur l\u2019agriculture traditionnelle et durable. Cependant, avec les nouvelles techniques de commercialisation et de culture, ce type d\u2019entreprises [&hellip;]<\/p>\n","protected":false},"author":98,"featured_media":1652,"parent":0,"menu_order":2,"comment_status":"closed","ping_status":"closed","template":"elementor_header_footer","meta":{"_acf_changed":false,"footnotes":""},"class_list":["post-151","page","type-page","status-publish","has-post-thumbnail","hentry"],"acf":[],"_links":{"self":[{"href":"https:\/\/brinesorganicfruits.com\/fr\/wp-json\/wp\/v2\/pages\/151","targetHints":{"allow":["GET"]}}],"collection":[{"href":"https:\/\/brinesorganicfruits.com\/fr\/wp-json\/wp\/v2\/pages"}],"about":[{"href":"https:\/\/brinesorganicfruits.com\/fr\/wp-json\/wp\/v2\/types\/page"}],"author":[{"embeddable":true,"href":"https:\/\/brinesorganicfruits.com\/fr\/wp-json\/wp\/v2\/users\/98"}],"replies":[{"embeddable":true,"href":"https:\/\/brinesorganicfruits.com\/fr\/wp-json\/wp\/v2\/comments?post=151"}],"version-history":[{"count":0,"href":"https:\/\/brinesorganicfruits.com\/fr\/wp-json\/wp\/v2\/pages\/151\/revisions"}],"wp:featuredmedia":[{"embeddable":true,"href":"https:\/\/brinesorganicfruits.com\/fr\/wp-json\/wp\/v2\/media\/1652"}],"wp:attachment":[{"href":"https:\/\/brinesorganicfruits.com\/fr\/wp-json\/wp\/v2\/media?parent=151"}],"curies":[{"name":"wp","href":"https:\/\/api.w.org\/{rel}","templated":true}]}}

<div data-elementor-type="wp-page" data-elementor-id="151" class="elementor elementor-151 elementor-9" data-elementor-post-type="page">
				<div class="elementor-element elementor-element-f95ef69 e-flex e-con-boxed e-con e-parent" data-id="f95ef69" data-element_type="container" data-e-type="container">
					<div class="e-con-inner">
				<div class="elementor-element elementor-element-e430ee9 elementor-widget elementor-widget-heading" data-id="e430ee9" data-element_type="widget" data-e-type="widget" data-widget_type="heading.default">
					<h1 class="elementor-heading-title elementor-size-default">Nous</h1>				</div>
				<div class="elementor-element elementor-element-a3cd5d5 elementor-widget elementor-widget-heading" data-id="a3cd5d5" data-element_type="widget" data-e-type="widget" data-widget_type="heading.default">
					<h2 class="elementor-heading-title elementor-size-default">Les origines</h2>				</div>
				<div class="elementor-element elementor-element-c005fc0 elementor-widget elementor-widget-text-editor" data-id="c005fc0" data-element_type="widget" data-e-type="widget" data-widget_type="text-editor.default">
									<p>C’est à la fin des années 1940 que notre grand-père Salvador Brines s’est lancé à Tavernes de la Valldigna (Valence) dans le <strong>commerce des agrumes.</strong> Il a alors créé une entreprise locale traditionnelle, reposant sur l’agriculture traditionnelle et durable. Cependant, avec les nouvelles techniques de commercialisation et de culture, ce type d’entreprises est devenu un modèle d’exploitation de la terre et de concentration de la commercialisation.  </p><p>80 ans plus tard, nous reprenons les valeurs de notre grand-père : le respect et l’amour de la terre et du produit.</p>								</div>
				<div class="elementor-element elementor-element-16792e4 elementor-widget elementor-widget-heading" data-id="16792e4" data-element_type="widget" data-e-type="widget" data-widget_type="heading.default">
					<h2 class="elementor-heading-title elementor-size-default">La transformation écologique</h2>				</div>
				<div class="elementor-element elementor-element-b81fce1 elementor-widget elementor-widget-text-editor" data-id="b81fce1" data-element_type="widget" data-e-type="widget" data-widget_type="text-editor.default">
									<p>Il y a plus de 10 ans, la <strong>famille Brines</strong> a décidé de miser sur l’<strong>agriculture durable et respectueuse de l’environnement,</strong> en limitant le recours aux produits chimiques dans les <strong>champs d’orangers</strong> grâce à l’agriculture intégrée.</p><p>En 2018, nous avons choisi chez Brines de lancer la transition jusqu’à un <strong>produit totalement écologique</strong> dans le domaine d’<em>El Terme</em>, convaincus que c’était là la voie pour obtenir un fruit plus sain pour l’être humain et plus durable avec l’environnement. Nous avons également entamé les formalités administratives pour obtenir la <strong>certification du Comité d’agriculture Écologique.</strong></p><p>Ces premières années sont les plus difficiles, mais peu à peu nous voyons se dessiner le résultat : la biodiversité augmente, les insectes et les oiseaux sont chaque jour plus nombreux dans le domaine, nous évitons de rompre l’équilibre de la terre, nous conservons l’herbe et la taillons juste au bon moment, nous utilisons des fertilisants naturels et des insectes prédateurs pour contrôler les parasites.</p>								</div>
				<div class="elementor-element elementor-element-e4cf723 elementor-widget elementor-widget-image" data-id="e4cf723" data-element_type="widget" data-e-type="widget" data-widget_type="image.default">
															<img fetchpriority="high" decoding="async" width="800" height="534" src="https://brinesorganicfruits.com/wp-content/uploads/2025/10/Familia-Brines-1024x683.webp" class="attachment-large size-large wp-image-1652" alt="Famille Brines" srcset="https://brinesorganicfruits.com/wp-content/uploads/2025/10/Familia-Brines-1024x683.webp 1024w, https://brinesorganicfruits.com/wp-content/uploads/2025/10/Familia-Brines-300x200.webp 300w, https://brinesorganicfruits.com/wp-content/uploads/2025/10/Familia-Brines-768x512.webp 768w, https://brinesorganicfruits.com/wp-content/uploads/2025/10/Familia-Brines-1536x1024.webp 1536w, https://brinesorganicfruits.com/wp-content/uploads/2025/10/Familia-Brines.webp 1600w" sizes="(max-width: 800px) 100vw, 800px" />															</div>
				<div class="elementor-element elementor-element-b03b994 elementor-widget elementor-widget-heading" data-id="b03b994" data-element_type="widget" data-e-type="widget" data-widget_type="heading.default">
					<h3 class="elementor-heading-title elementor-size-default">Nous cueillons les fruits à leur point adapté de maturité et nous les livrons au domicile des clients dans les 24/48 heures suivant leur collecte, pour pouvoir profiter de leur délicieuse saveur et tirer le meilleur profit de leurs vitamines et de leurs minéraux.</h3>				</div>
					</div>
				</div>
				</div>

<p>Nous Les origines C’est à la fin des années 1940 que notre grand-père Salvador Brines s’est lancé à Tavernes de la Valldigna (Valence) dans le commerce des agrumes. Il a alors créé une entreprise locale traditionnelle, reposant sur l’agriculture traditionnelle et durable. Cependant, avec les nouvelles techniques de commercialisation et de culture, ce type d’entreprises [&hellip;]</p>
